 4 + -4?
10
Calculate (2 - 6) + (112 - 107).
1
Evaluate (17 - 5) + -7 + (2 - (-13 - 5)).
25
Evaluate (2 + -2 + 2 - 8) + (-14 - -10).
-10
Evaluate (22 - 34) + 7 + (1 - 5).
-9
(-2 + -4 - 1) + 2 + 1 + 0
-4
72 - 57 - (19 + -3)
-1
Calculate -11 + 27 + (-46 - -15).
-15
What is 9 + 5 - (4 + (-14 - -7))?
17
What is the value of -18 - (-4 + -17 + 1 - -12)?
-10
Calculate 3067 - 3073 - (-7 + (-1 - -2) + -2).
2
What is 2 + (5 - -2) + (-18 - -11) - 18?
-16
(19 - 19) + (-3 - -1) - -7
5
Calculate (9 - (37 - 23)) + 26 + -4.
17
-14 + 30 + -27 + 8 + -19
-22
What is -9 - (-30 - (7 - (8 + 6)))?
14
Evaluate (-35 - (-9 - 7)) + 1 + 9.
-9
What is the value of (-8 - -2) + -7 - -33?
20
Evaluate 0 + 5 + (-15 - (24 + -75 + 25)).
16
Calculate 21 - (39 + -31 + 19).
-6
What is 0 - (4 + 1 - (-21 - (3 + -12)))?
-17
Calculate (48 - 54) + (-4 + 0 - -1 - 0).
-9
Calculate -6 + (17 - 2) - (5 + -31).
35
-9 - (-27 + 16) - (9 + -1) - 12
-18
Calculate (4 - 0) + (1 - 1) + (-88 - -94).
10
Evaluate -6 + (-15 - -15) + 3 + -2 + 24.
19
What is the value of 4 - (4 - 3) - (17 - (7 + -10))?
-17
-20 + 0 + (-135 - -147)
-8
Evaluate 17 + -17 + (4 - 6).
-2
2 + -1 - (3 - (-4 + 13) - -10)
-3
What is the value of -5 - (-5 - (3 + (-7 - -4) + -1))?
-1
Evaluate -24 + (15 - -5) - -3.
-1
Evaluate (18 - -1) + (-223 - -206) - 32.
-30
What is the value of 26 + -23 + -14 - (-38 + 1)?
26
Evaluate 5 + -1 + (274 - 291).
-13
-5 - (-1 + -7 + -1 - -2)
2
-12 - ((6 + -3 - -4) + -17)
-2
What is the value of -8 + (4 - (-21 + 8 - 14))?
23
What is the value of -11 + -3 + 5 - -14?
5
What is the value of (1 - -1) + 104 + -116 + 4?
-6
What is 4 + 0 - -3 - 18 - -17 - 6?
0
Evaluate -7 + (-4 - 11 - -13) + 16.
7
What is (-1 + -31 - -14) + (-1 - -1) + 8?
-10
What is the value of -47 - -46 - (-3 + 1)?
1
What is the value of (3 + 4 - -7) + (-4 - (-6 + 4))?
12
Evaluate (17 + (16 - 37) - (-5 + -2)) + 5.
8
Calculate -1 + 2 + (-24 + 4 - -15).
-4
What is the value of -6 + (0 - 1) + 1?
-6
Calculate -460 - -469 - (1 + (1 - 3)).
10
What is (1 - -16) + -1 + -4 + 4 - 6?
10
9 + 9 + -7 - (4 - -4)
3
-2 + 12 - (30 + (-25 - 0) + 16)
-11
(-18 - -26 - 5) + -2 + 0 + -4
-3
Calculate -37 - ((-7 - -10 - -7 - 15) + -2).
-30
Evaluate (52 - 44) + -2 + -1 + 7.
12
126 + -109 + (2 - 13)
6
What is the value of -26 + 22 + -13 + 6?
-11
Calculate -10 - 1 - (-26 - 9 - -24).
0
Evaluate (-14 - (-5 + (-10 - -5))) + -2.
-6
1273 + -1289 + (-1 - -3) + -3
-17
What is 24 - 15 - (-11 - (-11 + 9))?
18
What is -24 + 6 - -19 - (15 + -3) - -46?
35
-3 + -2 + -5 + 11 + 1 + 4
6
Calculate (-12 - -9) + (16 - 5) + 4 + 4.
16
What is the value of 3 + (1 - -1) - (-53 + 48)?
10
Evaluate -14 + ((31 - 15) + -12 - -18).
8
4 - -2 - (157 - 166)
15
What is the value of (-6 - (6 + -16)) + (0 - 1 - 2)?
1
-26 + 64 + -13 + -6
19
What is the value of -15 + (1 + -9 - -7) + 2 + -5?
-19
(28 - 2 - -10) + -31 - (8 - -1)
-4
Evaluate -22 - 0 - (128 + -147).
-3
What is (15 - 1) + (357 - 371) - 11?
-11
Calculate (10 - (14 + -6 + -2 + -3)) + 9.
16
What is 175 + -192 - (-7 + 1)?
-11
What is the value of 74 + -56 + (-39 - -7)?
-14
Evaluate -28 + 4 + 45 + 2.
23
Calculate -14 + (0 - -6) - (1 + 11 - 6).
-14
-43 - (-4 - (16 - -18))
-5
What is -4 - -1 - (-3 + -26 + 46)?
-20
Evaluate -20 + 15 - ((-1 - 23) + -4).
23
Evaluate -20 - (-26 + 49 + -68).
25
Calculate 17 - (-6 + (-3 - (6 - 5))).
27
What is -12 + (-12 - -5 - -21)?
2
What is 43 - 10 - (6 + -1 - (21 + -14))?
35
Evaluate 16 - ((-1 - 15) + 283 + -243).
-8
-6 - 0 - -10 - 10
-6
16 - (2 + (-5 - -3) - -8)
8
364 + -361 - (-3 - -1) - 2
3
Calculate 0 + 6 + (79 - 35) + -52.
-2
Calculate 5 - 1 - (7 + 20 + -32).
9
What is the value of -28 + (97 - 30) - (3 + -1)?
37
(-11 - (14 - 7)) + 16
-2
What is (-6 - -5) + (4 - 7) + -1 - 6?
-11
What is (-30 - -20) + (6 + 4 - 3)?
-3
What is -23 + 4 - (-6 - 2) - (25 + -15)?
-21
Calculate 29 + -29 - (5 + -18).
13
What is the value of -7 - (5 + -10 + -2)?
0
Calculate 18 + (5 - 11) - 10.
2
Evaluate -24 + (7 - -8 - 2).
-11
-280 - -314 - (42 - -3)
-11
-18 + 2 + 0 + 0 + 14 + -20
-22
(1 + -20 - -10) + (5 - -25)
21
21 - 0 - (-3 - -8 - 23)
39
Evaluate -3 + 26 - (0 + -13 + 9 - -7).
20
What is -74 + 42 + (-2 - -21)?
-13
Calculate (-1 + 1 - -7) + (3418 - 3423).
2
Calculate 8 + -7 + (1 - (-18 - -10)).
10
What is the value of -2 - -3 - (-6 + (7 - -3))?
-3
Evaluate -4 - (-3 + -4 + 8 + 7).
-12
What is -5 - (-14 - (-14 - -19))?
14
(-6 + -9 + 9 + 2 - 5) + 12
3
What is the value of -8 - (-3 - -3) - (-2 - -11)?
-17
What is 4 - (14 + 9 + -18 + -10)?
9
-4 + (-12 + 10 - -5) + -8 + 13
4
7 + 16 + -13 + -12
-2
What is the value of 8 - (9 + -13 - (-1 + 4)) - 1?
14
Calculate 4 + -1 - (-29 - -12 - -9).
11
What is (-6 - -3) + -1 - (0 - 23)?
19
What is the value of 135 + -147 + (7 - -2) + 1 + 11?
9
What is the value of (-28 - (20 - 36)) + 46?
34
112 + -101 + (-1 - 22) + 25
13
What is -4 + (6 - -3 - (9 + -4))?
0
What is the value of 2 + -19 - (-44 - -38)?
-11
-10 + 13 + (9 - -16) + -10
18
3 + 2 - -5 - ((4 - 2) + -6)
14
What is the value of 0 - 7 - -6 - (-13 + 1)?
11
What is the value of 27 + -22 + 14 + -49?
-30
Evaluate 62 + -6 + -37 + 3.
22
Evaluate -8 - -2 - (-12 - ((22 - 5) + -8)).
15
Calculate -37 + 38 + 13 + -3.
11
Evaluate 10 + -38 - 6 - -6 - (-7 + -2).
-19
What is -1 - (3 - -12) - -2?
-14
4 - 3 - 0 - ((-22 - -46) + -53)
30
What is (14 - 1) + (32 - (52 + 3))?
-10
Calculate -1 + -7 + -351 + 368 - (21 + 1).
-13
Calculate 16 - 0 - (-33 - -13 - -14 - -1).
21
Calculate -28 - (5 + 6 + (-12 - 2) + 10).
-35
3 + -3 - 4 - (9 - 8)
-5
Evaluate -1 + (8 - (-20 - -14)) - (5 + -1).
9
What is 5 + 0 + (-6 - (4 - 8))?
3
Evaluate (-18 - (-21 - -17)) + 0 + 42.
28
What is the value of -4 + -17 + 5 + 1 + 4?
-11
-6 - 3 - ((4 - 2) + -6 + -24)
19
Calculate -3 + 4 + 7 + 5 - -4 - 6.
11
Evaluate -73 + 76 - -8 - (-5 - -1).
15
Evaluate 5 - (-5 - -14 - -6 - 12).
2
Calculate 2 - (8 - 6 - (2 + -12)).
-10
Calculate 9 - (-16 + 33 - 23).
15
Evaluate -2 - -9 - (-15 + 18) - -4.
8
Calculate -1 + -30 + 7 + 15.
-9
Evaluate 1 - (-16 - -7 - (3 + -5)).
8
Evaluate -7 + -1 + 3 + (-234 - -240).
1
Calculate 6 + (1 - (17 - 18)).
8
What is 11 + (-7 + -2 - -5) + 12 + -1?
18
What is 16 - (-39 - -16 - -11)?
28
What is the value of (-3 - 0 - -5) + 20 + -3 + -25?
-6
What is the value of -1 + -7 - (-28 + 4 + 4 + 3)?
9
What is (18 - 10) + -2 + 3 + -5?
4
What is 6 + -7 + 2 + 4 - 1?
4
Calculate -29 + (61 - 35 - 7).
-10
Evaluate -19 + ((-5 - -4) + 4 - 2) + 7.
-11
-4 - (-77 + 70 - (-2 - 1))
0
(-2 + 0 - 5) + -1 + -4 - 2
-14
Calculate 8 + (-1 - -10) + -1 + -5.
11
(5 - -5 - 21) + (41 - 9)
21
What is (-13 - (-3 - -2)) + 20 - (2 - 5)?
11
What is (-8 - (-16 - -11)) + 9 + 2 + 2?
10
(2 - -1) + (125 - 111)
17
Evaluate 14 + (8 - (-1 + 12)).
11
Evaluate -4 + -1 + 306 + -295 + 14.
20
What is -24 + (-8 - -19) + 6?
-7
What is (41 + -57 - -12) + (-1 + 2 - 10)?
-13
What is the value of 0 - -1 - (-4 - 24)?
29
What is the value of (15 - (-6 - (0 + -4))) + (8 - 10)?
15
What is the value of -20 + 10 + 2 - (-3 + 1 - -10)?
-16
What is -8 + 9 + 8 - (12 + 3)?
-6
Calculate 0 - 19 - ((-32 - -22) + 5).
-14
What is -31 + (13 + 1 - (-89 + 97))?
-25
What is 203 + -202 + (-8 + 1 - (-2 + 1))?
-5
Evaluate (-10 - 0) + 8 - -15.
13
What is 52 - 27 - (0 - -8)?
17
Evaluate -3 - (-7 + 6 + (43 - 51)).
6
Calculate 0 + (-2 - 6) + 18 - 1.
9
Calculate (7 + -10 - -4) + -1 - (3 + -2).
-1
Calculate 17 + -9 + -1 + 11 - (-8 - 4).
30
What is the value of 25 + -78 + 30 + 25?
2
What is 84 + -27 + -17 + -47?
-7
Calculate -5 + -2 + (16 - (-2 + (6 - 6))).
11
What is the value of (27 - 4) + -9 - 6?
8
What is the value of (5 - (39 + -10)) + 15?
-9
What is 31 + (-151 - -135 - (-9 + 1))?
23
-10 - -2 - -2 - (8 + (-4 - 31))
21
Calculate 15 + -2 - (-85 + 108).
-10
What is (22 - 38 - (-12 - (1 + -4))) + 6?
-1
Calculate (-8 + -1 - -17) + (-14 - 5).
-11
-12 - (15 - -1 - (-246 + 250))
-24
-3 + (-6 - 2 - (42 - 47))
-6
Calculate -1 + 39 + -29 + (-8 + 0 - -1).
2
Calculate 46 - 38 - (0 - -9).
-1
5 - 4 - (52 + -84)
33
Calculate 1 + -36 - (0 - (35 - 24)).
-24
What is the value of 7 + 30 + -70 + 42?
9
Calculate -25 - -1 - (-31 - 2).
9
(9 - 1) + -12 + 3 + 13
12
What is the value of 6 - (2 + 11 + -5 + (6 - -2))?
-10
What is -2 - -2 - (-18 + (11 - 2))?
9
Calculate (16 - 20) + -7 - 0.
-11
Calculate -30 + 33 - (-2 + 3).
2
What is 20 + -16 - (-9 + 8 + -3)?
8
5 - (-20 - -38) - (-5 - (-12 - -2))